{"id":783,"date":"2020-03-18T12:31:00","date_gmt":"2020-03-18T10:31:00","guid":{"rendered":"http:\/\/kivitasku.com\/english\/?page_id=783"},"modified":"2024-04-30T10:50:17","modified_gmt":"2024-04-30T07:50:17","slug":"etusivu","status":"publish","type":"page","link":"https:\/\/kivitasku.com\/english\/","title":{"rendered":"Mainpage"},"content":{"rendered":"\t\t<div data-elementor-type=\"wp-page\" data-elementor-id=\"783\" class=\"elementor elementor-783\">\n\t\t\t\t\t\t<section class=\"elementor-section elementor-top-section elementor-element elementor-element-5ed3298 elementor-section-full_width elementor-section-height-full ct-section-stretched elementor-section-height-default elementor-section-items-middle\" data-id=\"5ed3298\" data-element_type=\"section\" data-e-type=\"section\" data-settings=\"{&quot;background_background&quot;:&quot;slideshow&quot;,&quot;background_slideshow_gallery&quot;:[{&quot;id&quot;:1645,&quot;url&quot;:&quot;https:\\\/\\\/kivitasku.com\\\/english\\\/wp-content\\\/uploads\\\/2021\\\/03\\\/VillaKivitasku-1.jpg&quot;},{&quot;id&quot;:1646,&quot;url&quot;:&quot;https:\\\/\\\/kivitasku.com\\\/english\\\/wp-content\\\/uploads\\\/2021\\\/03\\\/VillaKivitasku_juhlat-1.jpg&quot;},{&quot;id&quot;:1641,&quot;url&quot;:&quot;https:\\\/\\\/kivitasku.com\\\/english\\\/wp-content\\\/uploads\\\/2021\\\/03\\\/Haikusauna-1.jpg&quot;},{&quot;id&quot;:1642,&quot;url&quot;:&quot;https:\\\/\\\/kivitasku.com\\\/english\\\/wp-content\\\/uploads\\\/2021\\\/03\\\/Kivitasku_haat-1.jpg&quot;},{&quot;id&quot;:1644,&quot;url&quot;:&quot;https:\\\/\\\/kivitasku.com\\\/english\\\/wp-content\\\/uploads\\\/2021\\\/03\\\/Torni_kivitasku-1.jpg&quot;},{&quot;id&quot;:1643,&quot;url&quot;:&quot;https:\\\/\\\/kivitasku.com\\\/english\\\/wp-content\\\/uploads\\\/2021\\\/03\\\/lampaat_kivitasku-1.jpg&quot;}],&quot;background_slideshow_slide_duration&quot;:3000,&quot;background_slideshow_ken_burns&quot;:&quot;yes&quot;,&quot;background_slideshow_ken_burns_zoom_direction&quot;:&quot;out&quot;,&quot;animation&quot;:&quot;none&quot;,&quot;background_slideshow_loop&quot;:&quot;yes&quot;,&quot;background_slideshow_slide_transition&quot;:&quot;fade&quot;,&quot;background_slideshow_transition_duration&quot;:500}\">\n\t\t\t\t\t\t\t<div class=\"elementor-background-overlay\"><\/div>\n\t\t\t\t\t\t\t<div class=\"elementor-container elementor-column-gap-default\">\n\t\t\t\t\t<div class=\"elementor-column elementor-col-100 elementor-top-column elementor-element elementor-element-e30f5a1\" data-id=\"e30f5a1\" data-element_type=\"column\" data-e-type=\"column\">\n\t\t\t<div class=\"elementor-widget-wrap elementor-element-populated\">\n\t\t\t\t\t\t<div class=\"elementor-element elementor-element-f05e6fe elementor-widget elementor-widget-spacer\" data-id=\"f05e6fe\" data-element_type=\"widget\" data-e-type=\"widget\" data-widget_type=\"spacer.default\">\n\t\t\t\t<div class=\"elementor-widget-container\">\n\t\t\t\t\t\t\t<div class=\"elementor-spacer\">\n\t\t\t<div class=\"elementor-spacer-inner\"><\/div>\n\t\t<\/div>\n\t\t\t\t\t\t<\/div>\n\t\t\t\t<\/div>\n\t\t\t\t\t<\/div>\n\t\t<\/div>\n\t\t\t\t\t<\/div>\n\t\t<\/section>\n\t\t\t\t<section class=\"elementor-section elementor-top-section elementor-element elementor-element-f97ec42 elementor-section-full_width elementor-section-height-default elementor-section-height-default\" data-id=\"f97ec42\" data-element_type=\"section\" data-e-type=\"section\" data-settings=\"{&quot;background_background&quot;:&quot;classic&quot;}\">\n\t\t\t\t\t\t<div class=\"elementor-container elementor-column-gap-default\">\n\t\t\t\t\t<div class=\"elementor-column elementor-col-100 elementor-top-column elementor-element elementor-element-ff7018b\" data-id=\"ff7018b\" data-element_type=\"column\" data-e-type=\"column\">\n\t\t\t<div class=\"elementor-widget-wrap elementor-element-populated\">\n\t\t\t\t\t\t<div class=\"elementor-element elementor-element-7ddfaed elementor-widget elementor-widget-text-editor\" data-id=\"7ddfaed\" data-element_type=\"widget\" data-e-type=\"widget\" data-widget_type=\"text-editor.default\">\n\t\t\t\t<div class=\"elementor-widget-container\">\n\t\t\t\t\t\t\t\t\t<p>Kivitasku is a peaceful lakeside estate located in Central Finland, Muurame.<\/p><p><span style=\"font-size: inherit; text-align: inherit; font-family: var(--theme-font-family); font-style: var(--theme-font-style, inherit); font-weight: var(--theme-font-weight); letter-spacing: var(--theme-letter-spacing); text-transform: var(--theme-text-transform);\">Unique features and harmonic nature makes Kivitasku a perfect place for celebrations, meetings, overnight stays, holidays and memorable sauna experience.<\/span><\/p>\t\t\t\t\t\t\t\t<\/div>\n\t\t\t\t<\/div>\n\t\t\t\t\t<\/div>\n\t\t<\/div>\n\t\t\t\t\t<\/div>\n\t\t<\/section>\n\t\t\t\t<section class=\"elementor-section elementor-top-section elementor-element elementor-element-5dfbb18 elementor-section-full_width elementor-section-height-default elementor-section-height-default\" data-id=\"5dfbb18\" data-element_type=\"section\" data-e-type=\"section\" data-settings=\"{&quot;background_background&quot;:&quot;classic&quot;}\">\n\t\t\t\t\t\t\t<div class=\"elementor-background-overlay\"><\/div>\n\t\t\t\t\t\t\t<div class=\"elementor-container elementor-column-gap-default\">\n\t\t\t\t\t<div class=\"elementor-column elementor-col-100 elementor-top-column elementor-element elementor-element-88ec746\" data-id=\"88ec746\" data-element_type=\"column\" data-e-type=\"column\">\n\t\t\t<div class=\"elementor-widget-wrap elementor-element-populated\">\n\t\t\t\t\t\t<div class=\"elementor-element elementor-element-10664f6 elementor-widget elementor-widget-spacer\" data-id=\"10664f6\" data-element_type=\"widget\" data-e-type=\"widget\" data-widget_type=\"spacer.default\">\n\t\t\t\t<div class=\"elementor-widget-container\">\n\t\t\t\t\t\t\t<div class=\"elementor-spacer\">\n\t\t\t<div class=\"elementor-spacer-inner\"><\/div>\n\t\t<\/div>\n\t\t\t\t\t\t<\/div>\n\t\t\t\t<\/div>\n\t\t\t\t<div class=\"elementor-element elementor-element-13d1fa7 elementor-widget elementor-widget-text-editor\" data-id=\"13d1fa7\" data-element_type=\"widget\" data-e-type=\"widget\" data-settings=\"{&quot;_animation&quot;:&quot;none&quot;}\" data-widget_type=\"text-editor.default\">\n\t\t\t\t<div class=\"elementor-widget-container\">\n\t\t\t\t\t\t\t\t\t<p>\u00a0<\/p><p>Kivitasku offers rooms and venues, sauna services, travel services and handcrafts.\u00a0<span style=\"color: var( --e-global-color-primary ); font-family: var( --e-global-typography-primary-font-family ), Sans-serif; font-size: var( --e-global-typography-primary-font-size ); font-weight: var( --e-global-typography-primary-font-weight ); letter-spacing: var( --e-global-typography-primary-letter-spacing ); font-style: var(--theme-font-style, inherit); text-transform: var(--theme-text-transform);\">In the courtyard sheep and chicken welcome the guests.<\/span><span style=\"color: var( --e-global-color-primary ); font-family: var( --e-global-typography-primary-font-family ), Sans-serif; font-size: var( --e-global-typography-primary-font-size ); font-weight: var( --e-global-typography-primary-font-weight ); letter-spacing: var( --e-global-typography-primary-letter-spacing ); font-style: var(--theme-font-style, inherit); text-transform: var(--theme-text-transform);\">\u00a0<\/span><span style=\"font-size: inherit; text-align: inherit; color: var( --e-global-color-primary ); font-family: var( --e-global-typography-primary-font-family ), Sans-serif; font-weight: var( --e-global-typography-primary-font-weight ); letter-spacing: var( --e-global-typography-primary-letter-spacing ); font-style: var(--theme-font-style, inherit); text-transform: var(--theme-text-transform);\"> Hostess Mella Nousiainen runs the company together with her son Sampo Nousiainen. They both are talented artisans. Mella gets inspired by Finnish nature, Finnish national epic Kalevala, folklore and stories. The Powerful\u00a0 Kalevala women &#8211; expedition, can be seen\u00a0 in Villa Kivitasku\u00a0 in summertime ( June, July and August 2024)\u00a0 on Wednesdays from 13-17.00. Public Haikusauna is from 17.00-22.00\u00a0 also on Wednesdays.<\/span><\/p><p>\u00a0<\/p><p>Nich\u00e9 au c\u0153ur de la for\u00eat de Finlande centrale, \u00e0 Muurame, l\u2019\u00e9tablissement Kivitasku est un endroit paisible, accroch\u00e9 aux rives d\u2019un petit lac. Dans un environnement unique et exceptionnel, vous pourrez :<\/p><p>Organiser des \u00e9v\u00e8nements jusqu\u2019\u00e0 60 personnes (piano, projecteur, Wi-Fi, st\u00e9r\u00e9o \u00e0 disposition)R\u00e9server une journ\u00e9e au sauna traditionnel, dit sauna \u00e0 fum\u00e9ePasser la nuit dans nos maisons \u00e0 rondins (AirBnB)Planifier une f\u00eate avec notre service traiteur (Boissons venant de l\u2019ext\u00e9rieur autoris\u00e9es)Profiter de l\u2019immense cour pour des activit\u00e9s outdoorAller \u00e0 la rencontre de nos moutons et poules dans la grande cour<\/p><p>N\u2019h\u00e9sitez pas \u00e0 prendre contact par mail ou par t\u00e9l\u00e9phone pour de plus amples renseignements :<\/p><p>E-mail : info(a)kivitasku.com<\/p><p>T\u00e9l\u00e9phone : 050 5237740 Mella Nousiainen<\/p><p>L\u2019\u00e9tablissement de Kivitasku propose des chambres pour l\u2019h\u00e9bergement mais \u00e9galement des salles de r\u00e9union. Vous trouverez \u00e9galement deux saunas et des cr\u00e9ations artisanales en guise de souvenirs.<br \/>La plus grande salle se situe dans la Villa Kivitasku, une belle b\u00e2tisse bleue en rondins capable d\u2019accueillir 60 invit\u00e9s. Kivitasku travaille de pair avec un service traiteur \u00e0 Muurame, ce qui rend l\u2019organisation d\u2019\u00e9v\u00e8nements priv\u00e9s ou professionnels tr\u00e8s facile.<\/p><p>\u00a0<\/p><p><span style=\"background-color: var(--has-background, #ffffff); color: var(--theme-text-color); font-style: var(--theme-font-style, inherit); text-transform: var(--theme-text-transform);\">Welcome to enjoy and share unique Kivitasku experiences!<\/span><\/p><p><span style=\"background-color: var(--has-background, #ffffff); color: var(--theme-text-color); font-style: var(--theme-font-style, inherit); text-transform: var(--theme-text-transform);\">\u00a0<\/span><\/p>\t\t\t\t\t\t\t\t<\/div>\n\t\t\t\t<\/div>\n\t\t\t\t<div class=\"elementor-element elementor-element-becb259 elementor-widget-divider--view-line elementor-widget elementor-widget-divider\" data-id=\"becb259\" data-element_type=\"widget\" data-e-type=\"widget\" data-widget_type=\"divider.default\">\n\t\t\t\t<div class=\"elementor-widget-container\">\n\t\t\t\t\t\t\t<div class=\"elementor-divider\">\n\t\t\t<span class=\"elementor-divider-separator\">\n\t\t\t\t\t\t<\/span>\n\t\t<\/div>\n\t\t\t\t\t\t<\/div>\n\t\t\t\t<\/div>\n\t\t\t\t\t<\/div>\n\t\t<\/div>\n\t\t\t\t\t<\/div>\n\t\t<\/section>\n\t\t\t\t<\/div>\n\t\t","protected":false},"excerpt":{"rendered":"<p>Kivitasku is a peaceful lakeside estate located in Central Finland, Muurame. Unique features and harmonic nature makes Kivitasku a perfect place for celebrations, meetings, overnight stays, holidays and memorable sauna experience. \u00a0 Kivitasku offers rooms and venues, sauna services, travel services and handcrafts.\u00a0In the courtyard sheep and chicken welcome the guests.\u00a0 Hostess Mella Nousiainen runs [&hellip;]<\/p>\n","protected":false},"author":1,"featured_media":0,"parent":0,"menu_order":0,"comment_status":"closed","ping_status":"closed","template":"elementor_header_footer","meta":{"footnotes":""},"class_list":["post-783","page","type-page","status-publish","hentry"],"blocksy_meta":{"page_title_panel":"","has_hero_section":"disabled","bcaf757760b855d6ff12c4a8d9045b31":"","hero_section":"type-1","hero_elements":[{"id":"custom_title","enabled":true,"heading_tag":"h1","title":"Home"},{"id":"custom_description","enabled":true,"description_visibility":{"desktop":true,"tablet":true,"mobile":false}},{"id":"custom_meta","enabled":false,"meta_elements":[{"id":"author","enabled":true,"label":"By","has_author_avatar":"yes","avatar_size":25},{"id":"post_date","enabled":true,"label":"On","date_format_source":"default","date_format":"M j, Y"},{"id":"comments","enabled":true}],"page_meta_elements":{"joined":true,"articles_count":true,"comments":true}},{"id":"breadcrumbs","enabled":false}],"83368786a3678490eeb9b70708cdaa15":"","hero_alignment1":"left","hero_margin":{"desktop":50,"tablet":30,"mobile":30},"hero_alignment2":"center","hero_vertical_alignment":"center","55f1d89e29c6b95909b7f609188882c2":"","hero_structure":"narrow","68f18fc8db538fd24e6afcc3badbc840":"","page_title_bg_type":"featured_image","custom_hero_background":{"attachment_id":null},"parallax":{"desktop":false,"tablet":false,"mobile":false},"b370e1efc8610cbbdb81214591a23473":"","hero_height":"250px","pageTitleFont":{"family":"Default","variation":"Default","size":{"desktop":"32px","tablet":"30px","mobile":"25px"},"line-height":"CT_CSS_SKIP_RULE","letter-spacing":"CT_CSS_SKIP_RULE","text-transform":"CT_CSS_SKIP_RULE","text-decoration":"CT_CSS_SKIP_RULE"},"pageTitleFontColor":{"default":{"color":"CT_CSS_SKIP_RULEDEFAULT"}},"pageMetaFont":{"family":"Default","variation":"n6","size":"12px","line-height":"1.3","letter-spacing":"CT_CSS_SKIP_RULE","text-transform":"uppercase","text-decoration":"CT_CSS_SKIP_RULE"},"pageMetaFontColor":{"default":{"color":"CT_CSS_SKIP_RULEDEFAULT"},"hover":{"color":"CT_CSS_SKIP_RULEDEFAULT"}},"pageExcerptFont":{"family":"Default","variation":"Default","size":"CT_CSS_SKIP_RULE","line-height":"CT_CSS_SKIP_RULE","letter-spacing":"CT_CSS_SKIP_RULE","text-transform":"CT_CSS_SKIP_RULE","text-decoration":"CT_CSS_SKIP_RULE"},"pageExcerptColor":{"default":{"color":"CT_CSS_SKIP_RULEDEFAULT"}},"breadcrumbsFont":{"family":"Default","variation":"n6","size":"12px","line-height":"CT_CSS_SKIP_RULE","letter-spacing":"CT_CSS_SKIP_RULE","text-transform":"uppercase","text-decoration":"CT_CSS_SKIP_RULE"},"breadcrumbsFontColor":{"default":{"color":"CT_CSS_SKIP_RULEDEFAULT"},"initial":{"color":"CT_CSS_SKIP_RULEDEFAULT"},"hover":{"color":"CT_CSS_SKIP_RULEDEFAULT"}},"pageTitleOverlay":{"default":{"color":"CT_CSS_SKIP_RULE"}},"pageTitleBackground":{"background_type":"color","background_pattern":"type-1","background_image":{"attachment_id":null,"x":0,"y":0},"gradient":"linear-gradient(135deg,rgba(6,147,227,1) 0%,rgb(155,81,224) 100%)","background_repeat":"no-repeat","background_size":"auto","background_attachment":"scroll","patternColor":{"default":{"color":"#e5e7ea"}},"overlayColor":{"default":{"color":"CT_CSS_SKIP_RULE"}},"backgroundColor":{"default":{"color":"#EDEFF2"}}},"pageTitlePadding":{"top":"50px","bottom":"50px","left":"auto","right":"auto","linked":true},"176ed3e5def96f507b44166f507c9df9":"","page_structure_type":"default","content_style":"wide","vertical_spacing_source":"inherit","content_area_spacing":"both","background":{"background_type":"color","background_pattern":"type-1","background_image":{"attachment_id":null,"x":0,"y":0},"gradient":"linear-gradient(135deg,rgba(6,147,227,1) 0%,rgb(155,81,224) 100%)","background_repeat":"no-repeat","background_size":"auto","background_attachment":"scroll","patternColor":{"default":{"color":"#e5e7ea"}},"overlayColor":{"default":{"color":"CT_CSS_SKIP_RULE"}},"backgroundColor":{"default":{"color":"CT_CSS_SKIP_RULE"}}},"content_background":{"background_type":"color","background_pattern":"type-1","background_image":{"attachment_id":null,"x":0,"y":0},"gradient":"linear-gradient(135deg,rgba(6,147,227,1) 0%,rgb(155,81,224) 100%)","background_repeat":"no-repeat","background_size":"auto","background_attachment":"scroll","patternColor":{"default":{"color":"#e5e7ea"}},"overlayColor":{"default":{"color":"CT_CSS_SKIP_RULE"}},"backgroundColor":{"default":{"color":"#ffffff"}}},"content_boxed_shadow":{"inherit":false,"blur":18,"spread":-6,"v_offset":12,"h_offset":0,"inset":false,"enable":true,"color":{"color":"rgba(34, 56, 101, 0.04)"}},"boxed_content_spacing":{"desktop":{"top":"40px","bottom":"40px","left":"40px","right":"40px","linked":true},"tablet":{"top":"35px","bottom":"35px","left":"35px","right":"35px","linked":true},"mobile":{"top":"20px","bottom":"20px","left":"20px","right":"20px","linked":true}},"content_boxed_radius":{"top":"3px","bottom":"3px","left":"3px","right":"3px","linked":true},"9c664ea56143c5c4e6c9cbe790753821":"","disable_featured_image":"no","disable_header":"no","disable_footer":"no","e34093c23ddd24d9a74645881041609f":"","a664e2ac612346849c3f244594d34f82":"","5a8680244774c8a830cc796fb3f19c89":"","78d1a42ce80d0d8345a17a752caceb28":"","51d15613a414747371e919e977fce1de":"","a1539b208770830aa677aa7d5479519d":"","67bfc416ecb81bd590e9d1e592fd54dd":"","styles_descriptor":{"styles":{"desktop":"","tablet":"","mobile":""},"google_fonts":[],"version":6}},"yoast_head":"<!-- This site is optimized with the Yoast SEO plugin v27.3 - https:\/\/yoast.com\/product\/yoast-seo-wordpress\/ -->\n<title>Kivitasku estate in Muurame with accommodation and sauna<\/title>\n<meta name=\"description\" content=\"Kivitasku is a peaceful lakeside estate located in Muurame. Harmonic nature makes Kivitasku a perfect place for overnight stays with sauna\" \/>\n<meta name=\"robots\" content=\"index, follow, max-snippet:-1, max-image-preview:large, max-video-preview:-1\" \/>\n<link rel=\"canonical\" href=\"https:\/\/kivitasku.com\/english\/\" \/>\n<meta property=\"og:locale\" content=\"fi_FI\" \/>\n<meta property=\"og:type\" content=\"article\" \/>\n<meta property=\"og:title\" content=\"Kivitasku estate in Muurame with accommodation and sauna\" \/>\n<meta property=\"og:description\" content=\"Kivitasku is a peaceful lakeside estate located in Muurame. Harmonic nature makes Kivitasku a perfect place for overnight stays with sauna\" \/>\n<meta property=\"og:url\" content=\"https:\/\/kivitasku.com\/english\/\" \/>\n<meta property=\"og:site_name\" content=\"Kivitasku English\" \/>\n<meta property=\"article:modified_time\" content=\"2024-04-30T07:50:17+00:00\" \/>\n<meta name=\"twitter:card\" content=\"summary_large_image\" \/>\n<meta name=\"twitter:label1\" content=\"Arvioitu lukuaika\" \/>\n\t<meta name=\"twitter:data1\" content=\"2 minuuttia\" \/>\n<script type=\"application\/ld+json\" class=\"yoast-schema-graph\">{\"@context\":\"https:\\\/\\\/schema.org\",\"@graph\":[{\"@type\":\"WebPage\",\"@id\":\"https:\\\/\\\/kivitasku.com\\\/english\\\/\",\"url\":\"https:\\\/\\\/kivitasku.com\\\/english\\\/\",\"name\":\"Kivitasku estate in Muurame with accommodation and sauna\",\"isPartOf\":{\"@id\":\"https:\\\/\\\/kivitasku.com\\\/english\\\/#website\"},\"datePublished\":\"2020-03-18T10:31:00+00:00\",\"dateModified\":\"2024-04-30T07:50:17+00:00\",\"description\":\"Kivitasku is a peaceful lakeside estate located in Muurame. Harmonic nature makes Kivitasku a perfect place for overnight stays with sauna\",\"breadcrumb\":{\"@id\":\"https:\\\/\\\/kivitasku.com\\\/english\\\/#breadcrumb\"},\"inLanguage\":\"fi\",\"potentialAction\":[{\"@type\":\"ReadAction\",\"target\":[\"https:\\\/\\\/kivitasku.com\\\/english\\\/\"]}]},{\"@type\":\"BreadcrumbList\",\"@id\":\"https:\\\/\\\/kivitasku.com\\\/english\\\/#breadcrumb\",\"itemListElement\":[{\"@type\":\"ListItem\",\"position\":1,\"name\":\"Home\",\"item\":\"https:\\\/\\\/kivitasku.com\\\/english\\\/\"},{\"@type\":\"ListItem\",\"position\":2,\"name\":\"Mainpage\"}]},{\"@type\":\"WebSite\",\"@id\":\"https:\\\/\\\/kivitasku.com\\\/english\\\/#website\",\"url\":\"https:\\\/\\\/kivitasku.com\\\/english\\\/\",\"name\":\"Kivitasku English\",\"description\":\"Kivitasku Muurame\",\"publisher\":{\"@id\":\"https:\\\/\\\/kivitasku.com\\\/english\\\/#organization\"},\"potentialAction\":[{\"@type\":\"SearchAction\",\"target\":{\"@type\":\"EntryPoint\",\"urlTemplate\":\"https:\\\/\\\/kivitasku.com\\\/english\\\/?s={search_term_string}\"},\"query-input\":{\"@type\":\"PropertyValueSpecification\",\"valueRequired\":true,\"valueName\":\"search_term_string\"}}],\"inLanguage\":\"fi\"},{\"@type\":\"Organization\",\"@id\":\"https:\\\/\\\/kivitasku.com\\\/english\\\/#organization\",\"name\":\"K\u00e4sity\u00f6paja Kivitasku ky\",\"url\":\"https:\\\/\\\/kivitasku.com\\\/english\\\/\",\"logo\":{\"@type\":\"ImageObject\",\"inLanguage\":\"fi\",\"@id\":\"https:\\\/\\\/kivitasku.com\\\/english\\\/#\\\/schema\\\/logo\\\/image\\\/\",\"url\":\"https:\\\/\\\/kivitasku.com\\\/english\\\/wp-content\\\/uploads\\\/sites\\\/5\\\/2020\\\/08\\\/kivitasku.jpg\",\"contentUrl\":\"https:\\\/\\\/kivitasku.com\\\/english\\\/wp-content\\\/uploads\\\/sites\\\/5\\\/2020\\\/08\\\/kivitasku.jpg\",\"width\":1640,\"height\":686,\"caption\":\"K\u00e4sity\u00f6paja Kivitasku ky\"},\"image\":{\"@id\":\"https:\\\/\\\/kivitasku.com\\\/english\\\/#\\\/schema\\\/logo\\\/image\\\/\"}}]}<\/script>\n<!-- \/ Yoast SEO plugin. -->","yoast_head_json":{"title":"Kivitasku estate in Muurame with accommodation and sauna","description":"Kivitasku is a peaceful lakeside estate located in Muurame. Harmonic nature makes Kivitasku a perfect place for overnight stays with sauna","robots":{"index":"index","follow":"follow","max-snippet":"max-snippet:-1","max-image-preview":"max-image-preview:large","max-video-preview":"max-video-preview:-1"},"canonical":"https:\/\/kivitasku.com\/english\/","og_locale":"fi_FI","og_type":"article","og_title":"Kivitasku estate in Muurame with accommodation and sauna","og_description":"Kivitasku is a peaceful lakeside estate located in Muurame. Harmonic nature makes Kivitasku a perfect place for overnight stays with sauna","og_url":"https:\/\/kivitasku.com\/english\/","og_site_name":"Kivitasku English","article_modified_time":"2024-04-30T07:50:17+00:00","twitter_card":"summary_large_image","twitter_misc":{"Arvioitu lukuaika":"2 minuuttia"},"schema":{"@context":"https:\/\/schema.org","@graph":[{"@type":"WebPage","@id":"https:\/\/kivitasku.com\/english\/","url":"https:\/\/kivitasku.com\/english\/","name":"Kivitasku estate in Muurame with accommodation and sauna","isPartOf":{"@id":"https:\/\/kivitasku.com\/english\/#website"},"datePublished":"2020-03-18T10:31:00+00:00","dateModified":"2024-04-30T07:50:17+00:00","description":"Kivitasku is a peaceful lakeside estate located in Muurame. Harmonic nature makes Kivitasku a perfect place for overnight stays with sauna","breadcrumb":{"@id":"https:\/\/kivitasku.com\/english\/#breadcrumb"},"inLanguage":"fi","potentialAction":[{"@type":"ReadAction","target":["https:\/\/kivitasku.com\/english\/"]}]},{"@type":"BreadcrumbList","@id":"https:\/\/kivitasku.com\/english\/#breadcrumb","itemListElement":[{"@type":"ListItem","position":1,"name":"Home","item":"https:\/\/kivitasku.com\/english\/"},{"@type":"ListItem","position":2,"name":"Mainpage"}]},{"@type":"WebSite","@id":"https:\/\/kivitasku.com\/english\/#website","url":"https:\/\/kivitasku.com\/english\/","name":"Kivitasku English","description":"Kivitasku Muurame","publisher":{"@id":"https:\/\/kivitasku.com\/english\/#organization"},"potentialAction":[{"@type":"SearchAction","target":{"@type":"EntryPoint","urlTemplate":"https:\/\/kivitasku.com\/english\/?s={search_term_string}"},"query-input":{"@type":"PropertyValueSpecification","valueRequired":true,"valueName":"search_term_string"}}],"inLanguage":"fi"},{"@type":"Organization","@id":"https:\/\/kivitasku.com\/english\/#organization","name":"K\u00e4sity\u00f6paja Kivitasku ky","url":"https:\/\/kivitasku.com\/english\/","logo":{"@type":"ImageObject","inLanguage":"fi","@id":"https:\/\/kivitasku.com\/english\/#\/schema\/logo\/image\/","url":"https:\/\/kivitasku.com\/english\/wp-content\/uploads\/sites\/5\/2020\/08\/kivitasku.jpg","contentUrl":"https:\/\/kivitasku.com\/english\/wp-content\/uploads\/sites\/5\/2020\/08\/kivitasku.jpg","width":1640,"height":686,"caption":"K\u00e4sity\u00f6paja Kivitasku ky"},"image":{"@id":"https:\/\/kivitasku.com\/english\/#\/schema\/logo\/image\/"}}]}},"_links":{"self":[{"href":"https:\/\/kivitasku.com\/english\/wp-json\/wp\/v2\/pages\/783","targetHints":{"allow":["GET"]}}],"collection":[{"href":"https:\/\/kivitasku.com\/english\/wp-json\/wp\/v2\/pages"}],"about":[{"href":"https:\/\/kivitasku.com\/english\/wp-json\/wp\/v2\/types\/page"}],"author":[{"embeddable":true,"href":"https:\/\/kivitasku.com\/english\/wp-json\/wp\/v2\/users\/1"}],"replies":[{"embeddable":true,"href":"https:\/\/kivitasku.com\/english\/wp-json\/wp\/v2\/comments?post=783"}],"version-history":[{"count":353,"href":"https:\/\/kivitasku.com\/english\/wp-json\/wp\/v2\/pages\/783\/revisions"}],"predecessor-version":[{"id":2968,"href":"https:\/\/kivitasku.com\/english\/wp-json\/wp\/v2\/pages\/783\/revisions\/2968"}],"wp:attachment":[{"href":"https:\/\/kivitasku.com\/english\/wp-json\/wp\/v2\/media?parent=783"}],"curies":[{"name":"wp","href":"https:\/\/api.w.org\/{rel}","templated":true}]}}